{"id":363,"date":"2023-11-09T11:51:50","date_gmt":"2023-11-09T09:51:50","guid":{"rendered":"https:\/\/www.fysioclinic.net\/?page_id=363"},"modified":"2023-11-09T11:51:50","modified_gmt":"2023-11-09T09:51:50","slug":"individuella-skoinlagg","status":"publish","type":"page","link":"https:\/\/www.fysioclinic.net\/index.php\/individuella-skoinlagg\/","title":{"rendered":"Individuella skoinl\u00e4gg"},"content":{"rendered":"\n<div class=\"wp-block-columns alignwide is-layout-flex wp-container-3 wp-block-columns-is-layout-flex\">\n<div class=\"wp-block-column is-layout-flow wp-block-column-is-layout-flow\" style=\"flex-basis:33.33%\">\n<figure class=\"wp-block-image size-large has-custom-border\"><img decoding=\"async\" loading=\"lazy\" width=\"1024\" height=\"683\" src=\"https:\/\/www.fysioclinic.net\/wp-content\/uploads\/2023\/11\/DSCF1245-1024x683.jpg\" alt=\"\" class=\"wp-image-364\" style=\"border-radius:100px\" srcset=\"https:\/\/www.fysioclinic.net\/wp-content\/uploads\/2023\/11\/DSCF1245-1024x683.jpg 1024w, https:\/\/www.fysioclinic.net\/wp-content\/uploads\/2023\/11\/DSCF1245-300x200.jpg 300w, https:\/\/www.fysioclinic.net\/wp-content\/uploads\/2023\/11\/DSCF1245-768x512.jpg 768w, https:\/\/www.fysioclinic.net\/wp-content\/uploads\/2023\/11\/DSCF1245-1536x1024.jpg 1536w, https:\/\/www.fysioclinic.net\/wp-content\/uploads\/2023\/11\/DSCF1245-2048x1366.jpg 2048w\" sizes=\"(max-width: 1024px) 100vw, 1024px\" \/><\/figure>\n<\/div>\n\n\n\n<div class=\"wp-block-column is-layout-flow wp-block-column-is-layout-flow\" style=\"flex-basis:66.66%\">\n<p>F\u00f6tterna fungerar som kroppens st\u00f6ttepelare. En neutral position i f\u00f6tterna \u00e4r f\u00f6ruts\u00e4ttning till att kn\u00e4n, h\u00f6fter, rygg och br\u00f6strygg h\u00e5lls i en neutral position. M\u00f6jliga felst\u00e4llningar i foten kan d\u00e4rmed vara orsaken till sm\u00e4rtor inte enbart i f\u00f6tterna utan \u00e4ven i andra delar av kroppen.<\/p>\n\n\n\n<p>Korrigerande och f\u00f6rebyggande \u00e5tg\u00e4rder av felst\u00e4llningar i foten b\u00f6rjar med en individuell fotanalys var vi unders\u00f6ker fot, vrist och ben. I analysen unders\u00f6ker vi om sm\u00e4rttillst\u00e5nd i fot, ben, h\u00f6ft och rygg kan vara orsakat av felaktig belastning eller felst\u00e4llningar i foten. P\u00e5 basen av unders\u00f6kningen utv\u00e4rderas behovet av behandling, tr\u00e4ning eller inl\u00e4gg.<\/p>\n\n\n\n<p>Finns det ett behov av inl\u00e4gg tillverkar vi ett par \u00e5t dig utav en av Footbalance medicals modeller. Inl\u00e4ggen finns i olika styvheter och bredder. Vi v\u00e4ljer ut den modellen som l\u00e4mpar sig b\u00e4st f\u00f6r just dig. Inl\u00e4ggen formas sedan individuellt f\u00f6r just dina f\u00f6tter s\u00e5 att du f\u00e5r en perfekt passform och komfort. Till inl\u00e4ggen bygger vi vid behov individuella kilar som korrigerar fotens st\u00e4llning. Inl\u00e4ggen f\u00e5r du med dig hem p\u00e5 samma g\u00e5ng.<\/p>\n\n\n\n<p>Alla Footbalance inl\u00e4ggsmodeller \u00e4r planerade och utvecklade i Finland. Inl\u00e4ggen \u00e4r dessutom behandlade med en antibakteriell yta f\u00f6r att de skall h\u00e5lla l\u00e4nge.<\/p>\n<\/div>\n<\/div>\n\n\n\n<div style=\"height:50px\" aria-hidden=\"true\" class=\"wp-block-spacer\"><\/div>\n","protected":false},"excerpt":{"rendered":"<p>F\u00f6tterna fungerar som kroppens st\u00f6ttepelare. En neutral position i f\u00f6tterna \u00e4r f\u00f6ruts\u00e4ttning till att kn\u00e4n, h\u00f6fter, rygg och br\u00f6strygg h\u00e5lls i en neutral position. M\u00f6jliga felst\u00e4llningar i foten kan d\u00e4rmed vara orsaken till sm\u00e4rtor inte enbart i f\u00f6tterna utan \u00e4ven i andra delar av kroppen. Korrigerande och f\u00f6rebyggande \u00e5tg\u00e4rder av felst\u00e4llningar i foten b\u00f6rjar med [&hellip;]<\/p>\n","protected":false},"author":1,"featured_media":0,"parent":0,"menu_order":0,"comment_status":"closed","ping_status":"closed","template":"","meta":{"footnotes":""},"_links":{"self":[{"href":"https:\/\/www.fysioclinic.net\/index.php\/wp-json\/wp\/v2\/pages\/363"}],"collection":[{"href":"https:\/\/www.fysioclinic.net\/index.php\/wp-json\/wp\/v2\/pages"}],"about":[{"href":"https:\/\/www.fysioclinic.net\/index.php\/wp-json\/wp\/v2\/types\/page"}],"author":[{"embeddable":true,"href":"https:\/\/www.fysioclinic.net\/index.php\/wp-json\/wp\/v2\/users\/1"}],"replies":[{"embeddable":true,"href":"https:\/\/www.fysioclinic.net\/index.php\/wp-json\/wp\/v2\/comments?post=363"}],"version-history":[{"count":2,"href":"https:\/\/www.fysioclinic.net\/index.php\/wp-json\/wp\/v2\/pages\/363\/revisions"}],"predecessor-version":[{"id":367,"href":"https:\/\/www.fysioclinic.net\/index.php\/wp-json\/wp\/v2\/pages\/363\/revisions\/367"}],"wp:attachment":[{"href":"https:\/\/www.fysioclinic.net\/index.php\/wp-json\/wp\/v2\/media?parent=363"}],"curies":[{"name":"wp","href":"https:\/\/api.w.org\/{rel}","templated":true}]}}