{"id":123,"date":"2023-10-05T13:22:06","date_gmt":"2023-10-05T10:22:06","guid":{"rendered":"https:\/\/www.fysioclinic.net\/?page_id=123"},"modified":"2023-11-07T11:53:18","modified_gmt":"2023-11-07T09:53:18","slug":"fysioterapi","status":"publish","type":"page","link":"https:\/\/www.fysioclinic.net\/index.php\/fysioterapi\/","title":{"rendered":"Fysioterapi"},"content":{"rendered":"\n<div class=\"wp-block-columns alignwide is-layout-flex wp-container-3 wp-block-columns-is-layout-flex\">\n<div class=\"wp-block-column is-layout-flow wp-block-column-is-layout-flow\" style=\"flex-basis:33.33%\">\n<figure class=\"wp-block-image size-large has-custom-border is-style-default\"><img decoding=\"async\" loading=\"lazy\" width=\"683\" height=\"1024\" src=\"https:\/\/www.fysioclinic.net\/wp-content\/uploads\/2023\/10\/DSCF1305-1-2-683x1024.jpg\" alt=\"\" class=\"wp-image-126\" style=\"border-style:none;border-width:0px;border-radius:100px\" srcset=\"https:\/\/www.fysioclinic.net\/wp-content\/uploads\/2023\/10\/DSCF1305-1-2-683x1024.jpg 683w, https:\/\/www.fysioclinic.net\/wp-content\/uploads\/2023\/10\/DSCF1305-1-2-200x300.jpg 200w, https:\/\/www.fysioclinic.net\/wp-content\/uploads\/2023\/10\/DSCF1305-1-2-768x1152.jpg 768w, https:\/\/www.fysioclinic.net\/wp-content\/uploads\/2023\/10\/DSCF1305-1-2-1024x1536.jpg 1024w, https:\/\/www.fysioclinic.net\/wp-content\/uploads\/2023\/10\/DSCF1305-1-2-1366x2048.jpg 1366w, https:\/\/www.fysioclinic.net\/wp-content\/uploads\/2023\/10\/DSCF1305-1-2.jpg 1667w\" sizes=\"(max-width: 683px) 100vw, 683px\" \/><\/figure>\n<\/div>\n\n\n\n<div class=\"wp-block-column has-base-background-color has-background is-layout-flow wp-block-column-is-layout-flow\" style=\"flex-basis:66.66%\">\n<p>Vi erbjuder dig professionell rehabilitering av s\u00e5v\u00e4l akuta som kroniska besv\u00e4r i st\u00f6d- och r\u00f6relseorganen. I begynnelsen utf\u00f6rs en specifik klinisk unders\u00f6kning av patienten f\u00f6r att kartl\u00e4gga besv\u00e4ren. En klinisk diagnos \u00e4r grunden till en fortsatt behandlingsstrategi , givetvis tillsammans med patienten,&nbsp; f\u00f6r att uppn\u00e5 ett gott resultat. \u201dEtt gott behandlingsresultat \u00e4r f\u00f6r oss en n\u00f6jd patient\u201d.<\/p>\n\n\n\n<p>Fysioterapibehandlingen varar mellan 30-60 min. Behandlingintensitet och -l\u00e4ngd behovspr\u00f6vas enligt patientens individuella behov. Behandlingen utf\u00f6rs individuellt och\/eller i rehabiliteringsgrupp.<\/p>\n\n\n\n<p>Behandlingen och rehabiliteringen baserar sig p\u00e5 \u201dA System of Orthopedic Medicin International \u201d-metoden ( OMI ) <\/p>\n\n\n\n<p>Fysioterapi ges med l\u00e4karordination dvs remiss av vilket delkostnader kan ans\u00f6kas och eventuellt ers\u00e4ttas av FPA. Fysioterapi och bed\u00f6mning av st\u00f6d- och r\u00f6relseorganen kan erh\u00e5llas \u00e4ven utan l\u00e4karremiss .<\/p>\n<\/div>\n<\/div>\n\n\n\n<div style=\"height:100px\" aria-hidden=\"true\" class=\"wp-block-spacer\"><\/div>\n","protected":false},"excerpt":{"rendered":"<p>Vi erbjuder dig professionell rehabilitering av s\u00e5v\u00e4l akuta som kroniska besv\u00e4r i st\u00f6d- och r\u00f6relseorganen. I begynnelsen utf\u00f6rs en specifik klinisk unders\u00f6kning av patienten f\u00f6r att kartl\u00e4gga besv\u00e4ren. En klinisk diagnos \u00e4r grunden till en fortsatt behandlingsstrategi , givetvis tillsammans med patienten,&nbsp; f\u00f6r att uppn\u00e5 ett gott resultat. \u201dEtt gott behandlingsresultat \u00e4r f\u00f6r oss en [&hellip;]<\/p>\n","protected":false},"author":1,"featured_media":0,"parent":0,"menu_order":0,"comment_status":"closed","ping_status":"closed","template":"","meta":{"footnotes":"[]"},"_links":{"self":[{"href":"https:\/\/www.fysioclinic.net\/index.php\/wp-json\/wp\/v2\/pages\/123"}],"collection":[{"href":"https:\/\/www.fysioclinic.net\/index.php\/wp-json\/wp\/v2\/pages"}],"about":[{"href":"https:\/\/www.fysioclinic.net\/index.php\/wp-json\/wp\/v2\/types\/page"}],"author":[{"embeddable":true,"href":"https:\/\/www.fysioclinic.net\/index.php\/wp-json\/wp\/v2\/users\/1"}],"replies":[{"embeddable":true,"href":"https:\/\/www.fysioclinic.net\/index.php\/wp-json\/wp\/v2\/comments?post=123"}],"version-history":[{"count":5,"href":"https:\/\/www.fysioclinic.net\/index.php\/wp-json\/wp\/v2\/pages\/123\/revisions"}],"predecessor-version":[{"id":333,"href":"https:\/\/www.fysioclinic.net\/index.php\/wp-json\/wp\/v2\/pages\/123\/revisions\/333"}],"wp:attachment":[{"href":"https:\/\/www.fysioclinic.net\/index.php\/wp-json\/wp\/v2\/media?parent=123"}],"curies":[{"name":"wp","href":"https:\/\/api.w.org\/{rel}","templated":true}]}}